 of 7329552?
2, 3, 37, 4127
List the prime factors of 1186025.
5, 47441
What are the prime factors of 483843?
3, 161281
List the prime factors of 1486514.
2, 17, 43721
What are the prime factors of 430121?
430121
List the prime factors of 21676473.
3, 7, 13, 19, 199
List the prime factors of 9451334.
2, 4725667
List the prime factors of 23980439.
7, 67, 51131
List the prime factors of 10140936.
2, 3, 13, 32503
List the prime factors of 5396614.
2, 229, 11783
What are the prime factors of 40834?
2, 17, 1201
What are the prime factors of 141637?
141637
List the prime factors of 13838784.
2, 3, 72077
List the prime factors of 5170.
2, 5, 11, 47
What are the prime factors of 146358?
2, 3, 47, 173
What are the prime factors of 532056?
2, 3, 7, 3167
List the prime factors of 2427702.
2, 3, 17, 23801
List the prime factors of 933137.
653, 1429
List the prime factors of 1024992.
2, 3, 3559
What are the prime factors of 637934?
2, 11, 107, 271
List the prime factors of 16852205.
5, 37, 71, 1283
What are the prime factors of 6042126?
2, 3, 1007021
What are the prime factors of 315590?
2, 5, 11, 19, 151
What are the prime factors of 8661161?
8661161
List the prime factors of 1945655.
5, 41, 9491
What are the prime factors of 276754?
2, 19, 7283
What are the prime factors of 1122108?
2, 3, 13, 7193
What are the prime factors of 72003?
3, 24001
What are the prime factors of 531305?
5, 106261
What are the prime factors of 1199405?
5, 97, 2473
List the prime factors of 74795.
5, 7, 2137
What are the prime factors of 4738130?
2, 5, 179, 2647
List the prime factors of 347996.
2, 11, 719
List the prime factors of 22266601.
7, 337, 9439
List the prime factors of 551726.
2, 7, 39409
List the prime factors of 346966.
2, 173483
What are the prime factors of 2654851?
19, 139729
List the prime factors of 15829369.
997, 15877
What are the prime factors of 75446?
2, 7, 17, 317
List the prime factors of 12991130.
2, 5, 29, 44797
What are the prime factors of 35430?
2, 3, 5, 1181
What are the prime factors of 4010125?
5, 7, 4583
What are the prime factors of 51904?
2, 811
List the prime factors of 593352.
2, 3, 41, 67
What are the prime factors of 7480020?
2, 3, 5, 59, 2113
List the prime factors of 19016291.
7, 2716613
What are the prime factors of 101415?
3, 5, 6761
List the prime factors of 76760.
2, 5, 19, 101
What are the prime factors of 1579509?
3, 223, 787
List the prime factors of 7619900.
2, 5, 23, 3313
List the prime factors of 2006548.
2, 501637
List the prime factors of 1202408.
2, 150301
What are the prime factors of 7152072?
2, 3, 31, 9613
What are the prime factors of 1680428?
2, 61, 71, 97
List the prime factors of 2442102.
2, 3, 13, 131, 239
List the prime factors of 1303493.
1303493
What are the prime factors of 521215?
5, 104243
What are the prime factors of 15523608?
2, 3, 19, 59, 577
List the prime factors of 386255.
5, 67, 1153
What are the prime factors of 14614945?
5, 2922989
What are the prime factors of 11887317?
3, 13, 53, 71
What are the prime factors of 2507536?
2, 53, 2957
What are the prime factors of 672?
2, 3, 7
List the prime factors of 4003052.
2, 1000763
What are the prime factors of 3191684?
2, 131, 6091
List the prime factors of 3251985.
3, 5, 11, 19709
List the prime factors of 2650967.
11, 240997
What are the prime factors of 606696?
2, 3, 17, 1487
What are the prime factors of 2335730?
2, 5, 131, 1783
What are the prime factors of 1915676?
2, 7, 31, 2207
What are the prime factors of 846383?
846383
List the prime factors of 831152.
2, 7, 41, 181
What are the prime factors of 545912?
2, 68239
List the prime factors of 13797906.
2, 3, 2299651
List the prime factors of 5095311.
3, 13, 130649
What are the prime factors of 165176?
2, 11, 1877
What are the prime factors of 3394083?
3, 7, 11, 2099
What are the prime factors of 476080?
2, 5, 11, 541
What are the prime factors of 66276?
2, 3, 7, 263
List the prime factors of 237051.
3, 26339
What are the prime factors of 1389900?
2, 3, 5, 41, 113
List the prime factors of 486026.
2, 487, 499
What are the prime factors of 630142?
2, 509, 619
What are the prime factors of 11572250?
2, 5, 41, 1129
List the prime factors of 360067.
47, 163
What are the prime factors of 55884?
2, 3, 4657
List the prime factors of 19634788.
2, 4908697
List the prime factors of 20006075.
5, 800243
What are the prime factors of 422154?
2, 3, 47, 499
List the prime factors of 291233.
179, 1627
What are the prime factors of 1657731?
3, 19, 127, 229
What are the prime factors of 701914?
2, 23, 15259
What are the prime factors of 345155?
5, 69031
List the prime factors of 187950.
2, 3, 5, 7, 179
What are the prime factors of 1377807?
3, 61, 7529
List the prime factors of 6662721.
3, 13, 29, 43, 137
What are the prime factors of 1431471?
3, 673, 709
What are the prime factors of 219998?
2, 317, 347
What are the prime factors of 6004394?
2, 11, 272927
What are the prime factors of 4228341?
3, 13, 181, 599
List the prime factors of 2933722.
2, 11, 133351
What are the prime factors of 5276230?
2, 5, 527623
List the prime factors of 149368.
2, 18671
What are the prime factors of 539498?
2, 269749
What are the prime factors of 2392959?
3, 197, 4049
List the prime factors of 1991588.
2, 43, 11579
List the prime factors of 1181447.
37, 863
What are the prime factors of 1253267?
227, 5521
List the prime factors of 30316.
2, 11, 13, 53
List the prime factors of 187772.
2, 13, 23, 157
List the prime factors of 20364791.
587, 34693
What are the prime factors of 926817?
3, 308939
What are the prime factors of 844031?
23, 36697
List the prime factors of 2131090.
2, 5, 13, 97
What are the prime factors of 464310?
2, 3, 5, 7, 11, 67
What are the prime factors of 36046?
2, 67, 269
List the prime factors of 786857.
29, 43, 631
List the prime factors of 1719206.
2, 859603
What are the prime factors of 458355?
3, 5, 30557
List the prime factors of 262860.
2, 3, 5, 13, 337
List the prime factors of 985165.
5, 197033
What are the prime factors of 12272524?
2, 11, 23, 67, 181
List the prime factors of 351378.
2, 3, 241
What are the prime factors of 16021578?
2, 3, 587, 4549
List the prime factors of 21402110.
2, 5, 499, 4289
List the prime factors of 1386084.
2, 3, 7, 29, 569
List the prime factors of 4581926.
2, 19, 120577
What are the prime factors of 2141323?
23, 157, 593
What are the prime factors of 535523?
535523
What are the prime factors of 1465002?
2, 3, 7, 11, 151
List the prime factors of 1271505.
3, 5, 29, 37, 79
List the prime factors of 657640.
2, 5, 41, 401
What are the prime factors of 7913943?
3, 41, 2383
What are the prime factors of 1639989?
3, 13, 107, 131
What are the prime factors of 478871?
478871
List the prime factors of 440873.
41, 10753
List the prime factors of 11868568.
2, 647, 2293
List the prime factors of 285938.
2, 142969
List the prime factors of 10504486.
2, 2129, 2467
List the prime factors of 5858574.
2, 3, 17, 19, 3023
What are the prime factors of 312963?
3, 7, 2129
What are the prime factors of 282323?
103, 2741
List the prime factors of 8212382.
2, 41, 100151
What are the prime factors of 164152?
2, 17, 71
What are the prime factors of 3557711?
151, 23561
List the prime factors of 252181.
252181
What are the prime factors of 154656?
2, 3, 179
What are the prime factors of 19610511?
3, 6536837
What are the prime factors of 903042?
2, 3, 7, 2389
What are the prime factors of 148570?
2, 5, 83, 179
What are the prime factors of 16902161?
31, 545231
What are the prime factors of 82528?
2, 2579
What are the prime factors of 17289?
3, 17, 113
List the prime factors of 2567069.
103, 24923
List the prime factors of 740252.
2, 185063
What are the prime factors of 179348?
2, 13, 3449
What are the prime factors of 14097?
3, 37, 127
What are the prime factors of 548891?
7, 19, 4127
What are the prime factors of 1523516?
2, 380879
List the prime factors of 7261965.
3, 5, 161377
What are the prime factors of 3328106?
2, 1664053
What are the prime factors of 12737642?
2, 1487, 4283
What are the prime factors of 4388365?
5, 43, 20411
List the prime factors of 1664489.
167, 9967
List the prime factors of 1186268.
2, 71, 4177
List the prime factors of 189435.
3, 5, 73, 173
What are the prime factors of 179744?
2,